rue
Suppose -9 - 3 = -2*i. Let y(p) = 4*p - 2. Is y(i) composite?
True
Suppose -h = -2*h + 62. Suppose -5*f + 165 = 9*t - 4*t, -2*f + h = 3*t. Is f prime?
True
Suppose 5*n - 1619 = -144. Is n a prime number?
False
Let h(x) = -20*x - 1. Suppose 3*q + 2 = -1. Is h(q) prime?
True
Suppose 5 = -a, -3*t + a = 4*a + 12. Let i(y) = 79*y. Is i(t) prime?
True
Let m be (92/12)/(1/3). Let w = m - -28. Is w prime?
False
Let k = -379 - -218. Let y = k - -232. Is y prime?
True
Let t be (9/(-2))/((-2)/4). Let l = 1 + t. Is l a composite number?
True
Suppose 12*r - 17*r + 215 = 0. Is r a prime number?
True
Suppose 1709 = 3*n - 4*s, 6*n - 2*s - 2853 = n. Is n a prime number?
True
Suppose 4 = 3*o + 2*v, o = 2*o + 2*v - 4. Let l = -56 + 50. Let t = o - l. Is t composite?
True
Let z(j) = 14*j**2 + 41*j + 6. Is z(-11) a composite number?
False
Let x(p) = -p + 11. Let q be x(11). Suppose -w = -q*w - 87. Is w prime?
False
Let d(m) = m**2 - 2*m - 1. Let w(n) = -n**3 - n**2 + n. Let u(a) = 3*d(a) + 2*w(a). Is u(-4) composite?
False
Suppose 2*o - 5586 = -2*o - 2*m, -4*m + 6975 = 5*o. Is o a prime number?
True
Let z = 295 - 165. Suppose -g - z = -6*g. Let p = -13 + g. Is p prime?
True
Let y = 21 + -11. Is 90/(-12)*y/(-3) composite?
True
Let c(f) = f**2 - 2*f - 3. Let u be c(-2). Suppose -u*x + 195 = 3*k, -2*k + 117 = 3*x - 0*k. Is x composite?
True
Suppose 0*x - 3*x = -339. Let b(y) = -y**3 - 8*y**2 + y - 2. Let u be b(-6). Let w = u + x. Is w a prime number?
False
Let i be 1 - ((-144)/(-2) - -1). Suppose -112 = -7*z + 763. Let p = i + z. Is p composite?
False
Is ((-445)/(-10))/((-5)/(-110)) a prime number?
False
Let h(n) = -68*n - 26. Let l(k) = -23*k - 9. Let w(m) = -5*h(m) + 14*l(m). Is w(5) a composite number?
True
Let s be (-10)/65 - (-134)/26. Suppose s*w = 357 - 22. Is w composite?
False
Suppose -3*m = -0*m - 4*s - 809, -5*s = 25. Is m composite?
False
Suppose -f + 4*a = 4, -14 = -2*f + 2*a - 5*a. Let l(j) = f*j**2 + 8 - 5*j**2 + 3*j + 4*j. Is l(6) a composite number?
True
Suppose i + 523 = 3*k - k, -2*k = 4*i - 538. Is k composite?
False
Suppose -460 = -5*i + 4*w, 245 + 149 = 4*i + 2*w. Suppose y + 2 = 0, y + 54 + i = 4*m. Is m a composite number?
False
Let u = 3 - -2. Suppose -u*v + 3*s + 237 = -2*v, 0 = -2*s. Is v composite?
False
Let z = -9 + 10. Is 6/(-9)*-123 + z prime?
True
Let v = 17 + 34. Let w = 82 + v. Is w prime?
False
Is 1*501 - -6*2/(-6) a prime number?
True
Let g(n) = n - 5*n + 3*n**2 - 4 - 2*n. Let q be g(5). Suppose 0 = -5*k + q + 34. Is k a composite number?
True
Let k(x) = x**3 - 4*x**2 - 6. Let o(y) = -y**3 + 6*y**2 - 6*y + 6. Let r be o(5). Let b be r - 3 - (-7)/1. Is k(b) a composite number?
False
Suppose 35 = 4*h - r, -5*h + 43 = -0*h - r. Suppose 3*k - 330 = 5*g + h*k, 5*k = 10. Is (0 - g)*(-5)/(-4) prime?
False
Let u(k) = -2*k**2 + k - 3. Let n(p) = -p**2 - 7*p - 7. Let y be n(-5). Let h be u(y). Is 12/9*h/(-4) composite?
True
Let z(g) = -6*g - 9. Let q(l) = l. Let t(n) = q(n) + z(n). Is t(-6) prime?
False
Let l(p) = -p**3 + 8*p**2 - 5*p. Let f(n) = -7*n**2 + 4*n - 1. Let z(a) = 3*f(a) + 2*l(a). Suppose -3*h = -0*h + 12. Is z(h) prime?
True
Suppose 3 = -4*l - 13. Is (3/(-12))/(l/4016) composite?
False
Let i be 9 + -6*2/4. Suppose -987 = -i*x + 3*x. Is x a prime number?
False
Let m = -6 + 10. Let l = -3 + m. Let a = 15 - l. Is a a prime number?
False
Suppose -7*g + 2*g + 661 = -4*r, 0 = -g - 5*r + 138. Is g a composite number?
True
Let k = -843 - -1495. Is (-2)/(-1)*k/8 a prime number?
True
Let d(k) = k**2 - 6*k - 3. Let c be d(3). Let g = -7 - c. Suppose -2*m - 183 = -5*p, 4*m + 191 = -0*p + g*p. Is p a prime number?
False
Suppose 4*i = -2*z + 8686, 2*i + 10871 = 7*i - 2*z. Is i a composite number?
True
Let d(b) = -b**2 - b + 4. Let i be d(0). Let m(g) = -10*g + 7. Let c(o) = -5*o + 3. Let q(s) = -13*c(s) + 6*m(s). Is q(i) prime?
True
Is (2 - -45)*(-5)/(-1) prime?
False
Suppose 5596 = 15*z - 11*z. Is z prime?
True
Is -12*((-5)/20)/(2/226) a prime number?
False
Suppose -2*r - 4*c + 11 = c, -4*r - 4*c = -16. Suppose -g - 16 = -k + 130, -r*k = -5*g - 444. Is k a composite number?
True
Let y(j) = -2*j**2 + 3*j - 2. Let r be y(3). Let s(h) = -5*h - 4. Let l be s(-8). Let x = l + r. Is x a composite number?
True
Let o = 81 - 22. Is o composite?
False
Let o(m) be the first derivative of m**5/60 + m**4/8 + 3*m**3/2 - m**2/2 - 1. Let f(i) be the second derivative of o(i). Is f(-7) prime?
True
Suppose -b = 4*b - 10. Suppose 4*w - 1134 = b*u + 238, -698 = -2*w + 4*u. Is w composite?
True
Suppose 2 - 14 = -3*t. Suppose t*l - 132 - 220 = 4*v, 3*l = -v + 268. Is l a prime number?
True
Let g(f) = 36*f - 1. Let b(h) = -5*h - 1. Let n be b(-1). Let y be g(n). Suppose p + y = 2*p. Is p a prime number?
False
Suppose 4*l = -l - 2950. Let t = -379 - l. Is t a prime number?
True
Let o(k) = -2*k - 2. Let b(f) = f**2 + 2*f + 2. Let n be b(-2). Let l be o(n). Let x = 12 + l. Is x prime?
False
Suppose -2 = 5*m + 13. Let w be 2/(-5 - m) - -1. Suppose -q + 16 = -2*r, w = 4*r - r + 9. Is q a prime number?
False
Suppose -4*k + 9 = 5*d - 0, -3*k - 2 = -5*d. Is (5 - d)*53/4 a composite number?
False
Let z = -1566 - -3455. Is z a composite number?
False
Suppose -2*p = -6*p + 52. Let v = p + -7. Is 88/12 - 2/v a prime number?
True
Let o be 60*(72/15)/2. Suppose 3*t - o = -0*t. Let h = -11 + t. Is h a composite number?
False
Let s be (4/(-10))/((-3)/15). Suppose -t + 0*k + 9 = 5*k, -2*k = -s. Is (t + -5)/(1/(-11)) a composite number?
False
Let h = 17 - 37. Let l be (h - -5)*2/(-6). Suppose 4*a + 3*q = 288, -l*q = -5*a + 147 + 178. Is a composite?
True
Let h(v) = v + 3. Let l be h(-3). Suppose l = 4*c - x - 143, 2*c + 3*c - 5*x - 160 = 0. Is c a composite number?
False
Is ((-3)/(-6) + 0)*62 a composite number?
False
Let o = 36 - -53. Is o a prime number?
True
Let m = -86 - -160. Is m a prime number?
False
Let s(i) be the first derivative of 2*i**3/3 + 4*i**2 + i + 3. Let w = -19 - -12. Is s(w) composite?
False
Let n = -2 - -2. Is 3 + n - (-1744)/8 prime?
False
Suppose 0 = -5*m + 199 + 246. Is m prime?
True
Let h(a) = -3*a - 5. Let w be h(-4). Suppose u = w + 1. Suppose -2 = -j + u. Is j composite?
True
Let l(s) = -s**3 + 14*s**2 - 12*s. Let p be l(11). Suppose 4*g = f + 8, 2*g = -f + 5 - 1. Suppose -p = -f*u - 3*u. Is u prime?
False
Let y = 919 + -8. Is y a prime number?
True
Let x(r) be the first derivative of r**5/40 + r**4/12 + 2*r**3/3 - 1. Let k(t) be the third derivative of x(t). Is k(3) composite?
False
Let r = -20 + 44. Let l be (-42)/(-8) + (-6)/r. Suppose 310 = 5*p - l*s, 0*p + p - 68 = 3*s. Is p a prime number?
True
Let k be 48*(3 + -2) + 1. Suppose 75 = 4*c - k. Is c composite?
False
Suppose -5*u - 6 - 4 = 0. Is (2/(-3))/(u/111) a composite number?
False
Suppose 3*z + 19 = 70. Let i = -151 + z. Let g = i - -225. Is g a composite number?
True
Let x(l) = 14*l. Let g be x(2). Let s = -9 + g. Is s a composite number?
False
Let k(j) = j**2 - 2*j - 5. Let z be k(4). Suppose z*a + 4*s - s = 180, s - 3 = 0. Is a a composite number?
True
Let u be (2 - -8)*(2 - 3). Is (-646)/u + 2/5 prime?
False
Is (-253)/(-2) + 4/8 prime?
True
Let p(i) = -i**3 + 7*i**2 + 3*i + 1. Let h(y) = 3*y + 1. Suppose -3 = -q - 1. Let t be h(q). Is p(t) prime?
False
Suppose -4*j = -5*w + 29, 8*w + j = 4*w + 40. Let f = w + -7. Suppose 0 = v + 5*x - 92, -163 = -f*v - 0*v - 3*x. Is v a composite number?
True
Is ((-69)/15)/((-4)/20) a prime number?
True
Let t(y) = -1 + 0*y**3 - 4*y**3 + 0 - y**3. Is t(-2) composite?
True
Suppose 2097 + 1254 = 3*i. Suppose 3*p - 5*m = i, -m - 20 = -6*m. Is p a prime number?
True
Let d(x) = -701*x - 29. Is d(-6) a composite number?
False
Let g(f) = -2*f**2 - 7*f + 14. Let u(j) = -j**2 - 2*j + 5. Let z(i) = 3*g(i) - 8*u(i). Is z(-5) a composite number?
True
Let w = 7 + -3. Let m = w - -29. Is m a prime number?
False
Is (-3)/4 + (-4593)/(-12) prime?
False
Let t = 854 + 4109. Is t prime?
False
Let a = 12 + -12. Suppose a = -2*b - 10 + 48. Is b a composite number?
False
Let j(b) = -44*b - 1. Is j(-7) a composite number?
False
Let x(w) be the second derivative of -9/10*w**5 + 0 + 1/12*w**4 + 0*w**2 + 0*w**3 - 2*w. Is x(-1) prime?
True
Let b = 297 + -186. Suppose -b = -q - 2*q. Is q a prime number?
True
Is (2 - 217/(-2))*2 composite?
True
Suppose 5*f + x = 3395, 0*x = -5*